 d - 10. What are the prime factors of g?
2
Suppose 0 = u + 5*j + 2, u = j - 5*j - 1. List the prime factors of u.
3
Let s(u) = -u**3 - 7*u**2 + u + 3. Let w(a) = -a**3 - 6*a**2 + a + 2. Let y(q) = 3*s(q) - 4*w(q). What are the prime factors of y(-3)?
2
Suppose 5*q = -4*k + 24, 0*q - 2*q = -4*k + 24. Suppose -1 = -b + k. Let c = b + 2. What are the prime factors of c?
3
Suppose -20 = -4*a - 8. Let b = -4 + a. Let y = b - -3. What are the prime factors of y?
2
Suppose 0 - 6 = -k. Suppose 0 = -4*f + 2*z - k*z + 48, 2*z = -10. List the prime factors of f.
17
Let i(c) = 27*c + 6*c**2 - 31*c + c**3 - 2*c**3. Suppose 2*u - 2*k - 8 = 10, 6 = 4*u + 2*k. What are the prime factors of i(u)?
2
Let x(b) = -2*b + 4. Let s be x(-5). Let q be 4/s - 9/7. Let i = q + 10. List the prime factors of i.
3
Let v = 449 - 317. List the prime factors of v.
2, 3, 11
Let k(a) = 7*a + 13. Let g be k(-9). Let x = 80 + g. List the prime factors of x.
2, 3, 5
Let k = 206 - 106. Suppose -2*b = -k + 38. List the prime factors of b.
31
Let n(p) = -p**3 + 3*p**2 + 3*p + 5. Let x be n(-5). Suppose -t = -3*t + x. Suppose 6*q - q - t = 0. List the prime factors of q.
19
Suppose k = 6*k. Suppose 4*j = y - 28, k = -5*y + 3*j + 52 + 3. Suppose 5*p + i - 81 = 0, 3*p = y*p + 3*i - 83. What are the prime factors of p?
2
Let k(h) = 7*h + 7. Let w(v) = -13*v - 13. Let l(x) = -11*k(x) - 6*w(x). Let j(f) = -5*f - 18. Let q(y) = j(y) + 3*l(y). List the prime factors of q(-10).
5
Let m = -95 - -197. What are the prime factors of m?
2, 3, 17
Suppose 5*w - 133 = -4*x + 23, -3*w = -2*x + 56. List the prime factors of x.
2, 17
Let j = -112 + 196. What are the prime factors of j?
2, 3, 7
Let v(l) = -17*l + 2. Let p be v(-3). Let g = p - 36. List the prime factors of g.
17
Suppose 0 = 7*x - 13*x + 1248. What are the prime factors of x?
2, 13
Suppose -2*k + 5*k - 186 = 0. What are the prime factors of k?
2, 31
Let y be (-3 + 4)*(-1 - -1). Suppose -3*a - 2*a + 75 = y. Let t = a + -3. List the prime factors of t.
2, 3
Let j = 2 - -7. Let x(p) = p**2 - 5*p + 6. List the prime factors of x(j).
2, 3, 7
Let j = 12 - 5. Suppose -j*m + 2*m + 10 = 0. Suppose -m*w = -4*w + 44. List the prime factors of w.
2, 11
Let f(c) = c**3 + 10*c**2 + 5*c - 7. Let t be f(-6). Let k = t + -63. Suppose 14 - k = -3*j. List the prime factors of j.
2, 5
Let c(t) = -t**3 - 2*t**2 + 3*t + 3. Let g be c(-2). What are the prime factors of ((-40)/(-12) + g)*105?
5, 7
Let k = 67 - 44. List the prime factors of k.
23
Let p = -17 - -19. Suppose -3*l = -2*u - 96, -4*l - p*u + 139 = -u. List the prime factors of l.
2, 17
Suppose -k = i + 4*k - 34, k + 3 = 0. What are the prime factors of i?
7
Let r(d) = -d**3 - 8*d**2 + 9*d. Let z be r(-9). Let f(p) = p + 9. List the prime factors of f(z).
3
Let o = 1 - -3. Let u = -6 + o. What are the prime factors of (-3 + 6 + u)*17?
17
Suppose 0 = 3*r - 4*k - 14, -2 = 5*r - 2*r + 4*k. Suppose 0*a - r*a = -90. List the prime factors of a.
3, 5
Let w = -21 - -12. Let d = w - -17. What are the prime factors of d?
2
Let t(d) be the second derivative of -d**5/20 + 3*d**4/4 + d**3/6 - d**2 + 2*d. List the prime factors of t(9).
7
Let v = 4 + -33. Let s = -40 + 20. Let f = s - v. List the prime factors of f.
3
Let b(o) = o**2 + 4*o + 6. Let a be b(-7). Suppose 5*d + 3*z + a = 0, -6 = -2*d + 3*z - 0. What are the prime factors of 0 + d/((-9)/24)?
2
Suppose -162 = -5*v - 52. What are the prime factors of v?
2, 11
Let y(d) = 2*d**2 - 4*d + 3. Let m = 7 - 5. Let i be y(m). Suppose -i*z + 38 = 8. List the prime factors of z.
2, 5
Let h(o) = 182*o + 6. Let v be h(-3). List the prime factors of v/(-66) - (-6)/(-33).
2
Let k(u) = -u**3 + 4*u**2 - 4*u + 2. Let y be k(2). Let t = y - -4. List the prime factors of t.
2, 3
Let g(k) = 3*k**2 + 8*k - 1. List the prime factors of g(-7).
2, 3, 5
Let p be 2/((5/(-28))/(-5)). Suppose 4*l - p = -8. List the prime factors of l.
2, 3
Let x = -13 - -28. Suppose 3*z + 2*z + x = 0, -4*z - 8 = 2*w. Suppose -6*v + 15 = -w*v - u, 0 = 2*v - 2*u. What are the prime factors of v?
5
Let u(c) = 0*c + 3*c + c**2 + 1 - 8 + 0*c**2. Let j be u(-6). Suppose j - 3 = 4*l. What are the prime factors of l?
2
Let o(p) = p**3 + 12*p**2 + 7*p + 9. What are the prime factors of o(-10)?
139
Suppose 0 = 2*s - 4. Let o be s/5 + (-73)/(-5). Suppose r - y + 41 = 4*r, 3*y = o. What are the prime factors of r?
2, 3
Suppose -3 = -4*d + 17. Suppose -2*b + 35 = -5*o, o = -0*b - 2*b + d. What are the prime factors of b?
5
Let v be 34/12 + (-3)/(-18). Suppose -h - 30 = -2*q, 5*q - v*h - 44 - 30 = 0. Suppose 29 = 5*j - q. List the prime factors of j.
3
Suppose -5*t + 4*n - n + 965 = 0, 0 = 2*t - 4*n - 400. What are the prime factors of t?
2, 5, 19
Let i(c) = -c**2 - 9*c - 12. Let z be i(-9). Let a be 3/z*-6*2. Suppose 3*o = -a*t + 21, -3*t + 4*o - 18 = -2*t. What are the prime factors of t?
2
Let v = -463 - -689. What are the prime factors of v?
2, 113
Suppose -5*x - 56 + 521 = 0. What are the prime factors of x?
3, 31
Let o(i) = i**3 + i**2 - i + 3. Let d be o(0). List the prime factors of (-12)/(-10)*70/d.
2, 7
Suppose -3*m - 231 = -0*k - 2*k, m = -2*k + 219. Suppose 5*p - 2*d - k = 0, -d - 65 = -2*p - 21. What are the prime factors of p?
23
Let d = -7 + 17. Let m be 436/10 + 4/d. Suppose 4*k - m = 16. List the prime factors of k.
3, 5
Let h(d) = 2*d**3 + 4*d**2 - d - 2. Suppose -2 - 1 = n. Let j be h(n). Let o = j + 24. What are the prime factors of o?
7
Let w(o) = -o**3 - 6*o**2 - o. Let v be w(-6). Suppose -5 - 3 = 4*j - 5*u, -v = 2*j - 3*u. Suppose -j*a = -4*a + 3. List the prime factors of a.
3
Let k(d) = -d**3 + 4*d**2 + 6*d - 1. Let x be k(4). Suppose 16 + x = 3*w. What are the prime factors of w?
13
Let k(m) = -m**2 + 10*m - 7. Suppose -4*b + 27 = -9. Let o be k(b). Suppose -11 = -o*i - 1. What are the prime factors of i?
5
Let x(q) = q**2 + 6*q + 2. Let g be x(-5). Let k = -1 - g. What are the prime factors of k?
2
Let s be (2/(-6))/(4/(-132)). Suppose 0 = -3*c + r + 7, s + 4 = 5*c - r. Suppose -c*b = -9*b + 65. What are the prime factors of b?
13
Suppose 0 = -0*r - 4*r + 8. Let z(q) be the first derivative of 2*q**3/3 - 2*q**2 + 2*q - 2. What are the prime factors of z(r)?
2
Suppose 5*i - 3718 = -8*i. What are the prime factors of i?
2, 11, 13
Let z(u) = 5*u**3 - 1. Let c be z(1). Let n = c + 7. What are the prime factors of n?
11
Let o be 2/10 + 4/(-20). Suppose o = 2*a - a - 3. Suppose -b = -14 - a. List the prime factors of b.
17
Let f = 15 + -9. Let r be (3/f)/((-2)/(-4)). Suppose -2*q = 2*y - y - 19, y = -r. List the prime factors of q.
2, 5
Suppose 0 = -3*c - 2*w - 137, c + 5*w + 49 = w. Let t = 18 - c. Suppose 4*g = -5*m + t, 4*m - 4*g - 15 = 57. What are the prime factors of m?
3, 5
Suppose 0*x + 3 = -3*x. List the prime factors of (5 + 0/x)*1.
5
What are the prime factors of (-24 - -21) + -1 + 237?
233
Suppose -5 - 10 = -3*x. Let q be 5/(5/2) - -40. Suppose -8*a + 3*a + q = 2*y, 3*y = -x*a + 43. What are the prime factors of a?
2
Suppose -1 = -w - 2*d - 2, -d = -4*w - 31. Suppose -5*b + 104 - 39 = 0. Let z = w + b. List the prime factors of z.
2, 3
Let u = -73 + 113. List the prime factors of u.
2, 5
Let r = 73 - 51. Let z = r - 10. What are the prime factors of z?
2, 3
List the prime factors of (-16)/8*(-86)/4.
43
Let h be (0 - (-2 + 2))/(-1). Suppose h = -2*a + 3*a - 15. Let f = a + -9. List the prime factors of f.
2, 3
Let l(n) = -n**3 - 7*n**2 + 7*n - 11. Let h be l(-8). List the prime factors of (-21*1)/(h/2).
2, 7
Suppose -13 = -3*y - 4. Let a(g) = g + 3*g - y*g. List the prime factors of a(4).
2
Let q(u) = 22*u**3 + u**2 - u. Let h be q(1). Let w be (6 - 2) + -2 + 3. Suppose w*x + h = 117. List the prime factors of x.
19
Suppose 3*r - 3 = 321. Suppose 0*l + 4*l = r. List the prime factors of l.
3
Suppose 2*a - 2*x - 86 = 0, -2*a - 147 = -5*a - 3*x. What are the prime factors of a?
2, 23
What are the prime factors of 145*(95/(-25) - -4)?
29
Suppose -4*m + 262 = 94. List the prime factors of m.
2, 3, 7
Let j be (-2)/4*-38 + 2. Let p = -6 + j. List the prime factors of p.
3, 5
Let k be (1 + (-20)/8)*6. Let x(c) = -c**3 - 9*c**2 - c - 3. List the prime factors of x(k).
2, 3
Let a = -4 + 4. Let k be (-5)/(-10)*(a + 0). Suppose w + w - 22 = k. List the prime factors of w.
11
Let a(k) = 7